base 10.
9363
424 (base 11) to base 12
366
-3a0 (base 11) to base 8
-731
Convert 5c9a (base 13) to base 15.
3d60
-245 (base 7) to base 8
-203
2102 (base 4) to base 5
1041
What is 223 (base 13) in base 10?
367
Convert -1f5 (base 16) to base 4.
-13311
What is -79c (base 16) in base 8?
-3634
Convert 10001011011 (base 2) to base 13.
67a
What is -170 (base 8) in base 3?
-11110
What is a9 (base 14) in base 6?
405
-53 (base 7) to base 9
-42
15003 (base 6) to base 16
94b
What is -9732 (base 11) in base 6?
-135313
-3a (base 14) to base 5
-202
What is -16d (base 15) in base 10?
-328
5441 (base 7) to base 9
2585
What is b39 (base 13) in base 12?
112b
Convert -31231000 (base 4) to base 11.
-39196
What is 907 (base 11) in base 15?
4d1
What is 410 (base 10) in base 6?
1522
Convert 11001101 (base 2) to base 16.
cd
Convert 2000 (base 5) to base 8.
372
-211222 (base 4) to base 5
-34120
20 (base 11) to base 15
17
-3128 (base 9) to base 3
-10010222
What is -66 (base 12) in base 14?
-58
What is -640 (base 8) in base 7?
-1133
What is 3251 (base 7) in base 10?
1163
11122322 (base 4) to base 3
1010110022
What is -42681 (base 10) in base 5?
-2331211
What is -231 (base 15) in base 3?
-200101
1894 (base 13) to base 7
13462
Convert 221301 (base 7) to base 6.
500043
112010 (base 4) to base 9
1838
Convert -113111 (base 4) to base 16.
-5d5
What is 1531 (base 14) in base 15?
11b2
What is -4000 (base 10) in base 5?
-112000
-20e5 (base 16) to base 2
-10000011100101
What is -2202100 (base 3) in base 16?
-7d7
-240055 (base 7) to base 11
-2a556
What is 83f (base 16) in base 8?
4077
2544 (base 7) to base 15
443
-1063 (base 10) to base 9
-1411
Convert -431 (base 11) to base 15.
-248
What is 5014 (base 7) in base 16?
6be
Convert -5136 (base 8) to base 15.
-bbe
What is 24431 (base 6) in base 7?
13360
-594 (base 14) to base 12
-786
-12512 (base 6) to base 14
-9ac
What is 4002 (base 8) in base 15?
91a
-41b (base 13) to base 16
-2bc
Convert -40434 (base 8) to base 7.
-66411
What is 633 (base 14) in base 13?
72c
What is 4260 (base 8) in base 10?
2224
Convert 10312102 (base 4) to base 2.
100110110010010
-205 (base 13) to base 9
-421
-3804 (base 10) to base 16
-edc
-3331240 (base 5) to base 2
-1110001111010000
What is 500 (base 6) in base 5?
1210
Convert -9825 (base 13) to base 3.
-1002000120
What is 111110101 (base 2) in base 9?
616
-1514 (base 11) to base 14
-9d5
Convert -17125 (base 8) to base 16.
-1e55
What is -9bce (base 16) in base 3?
-2000201021
-1022022111 (base 3) to base 7
-135025
Convert -17b63 (base 12) to base 5.
-2100431
Convert -53474 (base 8) to base 14.
-81d2
Convert -1572 (base 9) to base 12.
-83b
What is 15 (base 6) in base 14?
b
Convert -399 (base 16) to base 2.
-1110011001
What is -350 (base 16) in base 14?
-448
102055 (base 6) to base 3
102022022
Convert -11341 (base 5) to base 14.
-446
Convert -7234 (base 11) to base 3.
-111011102
Convert -1211110 (base 4) to base 15.
-1dc4
b813 (base 15) to base 2
1001100000011111
What is -3443 (base 7) in base 2?
-10011101000
What is -1111321 (base 4) in base 8?
-12571
-14351 (base 12) to base 2
-110110111101101
Convert -43c (base 13) to base 15.
-337
-18777 (base 12) to base 7
-205651
Convert 1023 (base 5) to base 9.
163
2a69 (base 12) to base 8
11561
1c0a8 (base 13) to base 6
1102531
-1100101000 (base 2) to base 10
-808
Convert -11457 (base 9) to base 2.
-1110111110010
Convert -aa37 (base 12) to base 14.
-6ba3
What is -448 (base 10) in base 12?
-314
-1b68 (base 13) to base 14
-171c
-14616 (base 7) to base 10
-4080
350 (base 7) to base 9
222
What is 22303 (base 4) in base 16?
2b3
151 (base 8) to base 16
69
365 (base 9) to base 3
102012
Convert 21553 (base 6) to base 13.
14b5
Convert -1311 (base 4) to base 9.
-140
-4b3 (base 13) to base 4
-30312
-13301111 (base 4) to base 6
-403205
21020122 (base 3) to base 8
12242
-354 (base 11) to base 10
-422
What is b844 (base 14) in base 10?
31812
Convert -8701 (base 14) to base 5.
-1221300
-304040 (base 5) to base 12
-5887
What is -20033 (base 4) in base 12?
-37b
230203 (base 4) to base 2
101100100011
Convert -21a17 (base 11) to base 10.
-31841
-124c (base 13) to base 5
-40344
What is 100220 (base 4) in base 6?
4532
3b0b (base 16) to base 9
22654
-176116 (base 8) to base 2
-1111110001001110
4495 (base 12) to base 6
55105
Convert -3a (base 16) to base 8.
-72
Convert 2704 (base 12) to base 16.
1174
4616 (base 16) to base 11
12531
What is -312 (base 12) in base 8?
-676
db3 (base 15) to base 4
300111
What is 32677 (base 11) in base 16?
b923
What is 2442 (base 5) in base 7?
1041
-148 (base 15) to base 8
-445
What is 183 (base 11) in base 12?
158
What is 11aa (base 15) in base 4?
322300
What is -1232130 (base 4) in base 15?
-2163
Convert 504 (base 15) to base 12.
7a1
What is -153 (base 12) in base 8?
-317
-134 (base 8) to base 2
-1011100
10313 (base 5) to base 15
323
-32a03 (base 11) to base 7
-256232
What is 1ed1 (base 15) in base 7?
25411
-121001 (base 3) to base 13
-274
-1550 (base 6) to base 11
-358
Convert -6b7 (base 15) to base 16.
-5f2
-1171 (base 9) to base 6
-4014
1689 (base 13) to base 12
1b10
2211202 (base 3) to base 13
c35
What is -10020202200 (base 3) in base 9?
-106680
Convert -110011101 (base 2) to base 15.
-1c8
Convert fe (base 16) to base 7.
512
Convert -16742 (base 12) to base 13.
-11840
Convert 201300 (base 5) to base 12.
3896
1102100221 (base 3) to base 6
333254
What is 1022220 (base 3) in base 9?
1286
Convert -10333 (base 4) to base 11.
-270
-121303 (base 4) to base 11
-1271
What is 18413 (base 9) in base 15?
3b89
-6123 (base 13) to base 14
-4c3a
Convert 4b6 (base 13) to base 7.
2256
Convert 37 (base 11) to base 16.
28
Convert 661 (base 10) to base 2.
1010010101
What is 1325 (base 10) in base 14?
6a9
What is cfe5 (base 16) in base 2?
1100111111100101
What is -8851 (base 9) in base 5?
-202101
-91ff (base 16) to base 7
-213652
What is 212042 (base 5) in base 15?
21b7
What is -11001001100 (base 2) in base 15?
-727
-433 (base 9) to base 5
-2404
What is 2 (base 10) in base 11?
2
What is -1332 (base 6) in base 9?
-422
Convert -26556 (base 9) to base 10.
-17952
-1011111100 (base 2) to base 11
-635
11010 (base 5) to base 10
755
What is -500243 (base 6) in base 2?
-1001100001000011
41132 (base 5) to base 10
2667
-2411 (base 5) to base 11
-2a4
Convert -15484 (base 9) to base 8.
-24556
What is 31352 (base 6) in base 12?
2558
12222 (base 4) to base 12
2b6
Convert -9a (base 14) to base 7.
-253
104422 (base 6) to base 3
110001212
Convert 12021 (base 5) to base 3.
1012211
Convert -10000100010111 (base 2) to base 9.
-12552
What is 42244 (base 5) in base 15?
c84
What is 30310 (base 4) in base 6?
3444
What is a82a (base 11) in base 12?
8346
Convert 3322 (base 6) to base 12.
542
5912 (base 12) to base 16
26de
What is -805 (base 11) in base 6?
-4301
1b07 (base 13) to base 7
14563
Convert 5431 (base 9) to base 13.
1a86
598 (base 13) to base 16
3ca
Convert 1503 (base 13) to base 6.
22033
-11001011 (base 2) to base 8
-313
What is 1e3 (base 15) in base 13?
279
What is 1050 (base 14) in base 11?
2129
Convert 332 (base 6) to base 11.
107
What is 112145 (base 7) in base 12?
b688
Convert -30041 (base 12) to base 16.
-f331
What is -1001010011 (base 2) in base 11?
-4a1
What is -1124244 (base 5) in base 2?
-101000001011110
4525 (base 7) to base 13
98b
6010 (base 8) to base 2
110000001000
-2fa (base 16) to base 6
-3310
What is -1202001001 (base 3) in base 11?
-23844
-505 (base 15) to base 8
-2152
101011001001 (base 2) to base 8
5311
Convert -211213 (base 4) to base 6.
-15051
1113 (base 4) to base 8
127
Convert 232463 (base 7) to base 9.
63232
Convert 1e97 (base 15) to base 3.
100010221
199 (base 12) to base 13
171
Convert 40200 (base 9) to base 2.
110011100100110
What is 44aa (base 14) in base 4?
2322012
-c76 (base 15) to base 6
-21003
Convert 2048 (base 15) to base 5.
204233
What is 2 (base 11) in base 9?
2
What is 2131 (base 11) in base 12?
1769
What is 37938 (base 11) in base 12?
2756a
239b3 (base 12) to base 4
23233113
4102 (base 11) to base 2
1010101000111
-17579 (base 11) to base 10
-24649
-2ca6 (base 16) to base 2
-10110010100110
What is 1001101000 (base 2) in base 5?
4431
Convert 653 (base 12) to base 10.
927
Convert 59645 (base 10) to base 4.
32203331
1827 (base 12) to base 4
231133
What is -32